312 and 4524.
156
What is the greatest common factor of 609 and 168?
21
What is the highest common factor of 39 and 7761?
39
What is the greatest common factor of 24 and 768?
24
Calculate the greatest common factor of 3399 and 264.
33
What is the greatest common factor of 540 and 10?
10
What is the highest common divisor of 29 and 46951?
29
What is the highest common factor of 104 and 13?
13
Calculate the greatest common factor of 17 and 17.
17
What is the greatest common divisor of 165 and 765?
15
What is the greatest common divisor of 5 and 2560?
5
What is the greatest common divisor of 144 and 2064?
48
Calculate the greatest common divisor of 58 and 928.
58
What is the greatest common divisor of 166 and 6723?
83
Calculate the greatest common factor of 166 and 14.
2
What is the highest common divisor of 42 and 546?
42
Calculate the highest common factor of 1136 and 80.
16
Calculate the highest common divisor of 928 and 29.
29
What is the highest common divisor of 902 and 410?
82
Calculate the greatest common factor of 59230 and 10.
10
What is the highest common factor of 15863 and 58?
29
What is the greatest common factor of 2573 and 1411?
83
Calculate the highest common factor of 3258 and 18.
18
What is the highest common factor of 15 and 735?
15
Calculate the highest common divisor of 329 and 35.
7
Calculate the greatest common divisor of 10 and 8410.
10
What is the highest common factor of 287 and 56?
7
Calculate the highest common divisor of 150 and 3075.
75
Calculate the greatest common divisor of 20 and 5.
5
What is the highest common divisor of 263 and 48129?
263
What is the highest common divisor of 17003 and 196?
49
Calculate the highest common divisor of 638 and 464.
58
Calculate the highest common divisor of 992 and 2046.
62
Calculate the highest common factor of 18 and 486.
18
Calculate the highest common divisor of 6496 and 56.
56
Calculate the highest common divisor of 1825 and 584.
73
What is the highest common divisor of 847 and 1386?
77
What is the highest common factor of 15 and 2685?
15
What is the greatest common divisor of 5120 and 80?
80
What is the greatest common factor of 846 and 94?
94
Calculate the highest common factor of 112 and 912.
16
Calculate the highest common divisor of 161 and 56.
7
Calculate the highest common factor of 621 and 23.
23
What is the highest common factor of 472 and 236?
236
What is the greatest common factor of 425 and 1615?
85
Calculate the greatest common divisor of 39 and 456.
3
Calculate the highest common factor of 45 and 20.
5
Calculate the greatest common factor of 33 and 771.
3
Calculate the highest common factor of 2451 and 258.
129
What is the greatest common divisor of 119 and 7259?
119
What is the highest common factor of 180 and 435?
15
Calculate the greatest common divisor of 2576 and 15824.
368
Calculate the highest common divisor of 54 and 8.
2
What is the greatest common factor of 499 and 3?
1
What is the greatest common divisor of 126 and 29022?
42
Calculate the greatest common factor of 230 and 6946.
46
Calculate the highest common factor of 10 and 15.
5
Calculate the highest common divisor of 407 and 37.
37
Calculate the highest common factor of 240 and 2720.
80
What is the greatest common divisor of 1441 and 33?
11
Calculate the highest common factor of 4682 and 2.
2
What is the greatest common factor of 26 and 2?
2
What is the highest common factor of 2025 and 25?
25
What is the greatest common factor of 14 and 658?
14
What is the highest common divisor of 508 and 3429?
127
What is the highest common divisor of 4 and 44?
4
Calculate the highest common factor of 504 and 196.
28
Calculate the greatest common divisor of 25 and 25.
25
What is the greatest common factor of 24 and 552?
24
What is the greatest common divisor of 225 and 100?
25
What is the greatest common divisor of 288 and 9000?
72
Calculate the greatest common factor of 909 and 4343.
101
Calculate the greatest common factor of 65 and 35.
5
Calculate the greatest common divisor of 1764 and 108.
36
Calculate the greatest common divisor of 278 and 695.
139
Calculate the greatest common factor of 210 and 15.
15
Calculate the greatest common divisor of 66 and 6402.
66
What is the greatest common factor of 4446 and 260?
26
What is the greatest common divisor of 56 and 14?
14
Calculate the highest common factor of 492 and 24.
12
Calculate the greatest common factor of 3423 and 126.
21
Calculate the greatest common factor of 40 and 1270.
10
Calculate the greatest common divisor of 328 and 410.
82
Calculate the greatest common divisor of 5 and 715.
5
What is the greatest common factor of 15316 and 14?
14
Calculate the highest common divisor of 393 and 6.
3
What is the highest common divisor of 72 and 738?
18
What is the greatest common factor of 899 and 31?
31
Calculate the highest common divisor of 51 and 3281.
17
Calculate the highest common divisor of 772 and 4.
4
Calculate the highest common factor of 75 and 75.
75
What is the greatest common factor of 824 and 72?
8
What is the greatest common factor of 306 and 85?
17
Calculate the greatest common factor of 1056 and 696.
24
Calculate the greatest common divisor of 22 and 110.
22
Calculate the highest common divisor of 1633 and 644.
23
What is the highest common divisor of 77 and 11?
11
What is the highest common factor of 12 and 564?
12
Calculate the highest common divisor of 388 and 1261.
97
Calculate the highest common divisor of 88 and 627.
11
What is the greatest common divisor of 18 and 768?
6
Calculate the greatest common divisor of 20 and 9640.
20
Calculate the greatest common divisor of 28 and 40.
4
What is the highest common divisor of 182 and 238?
14
What is the greatest common factor of 70 and 5?
5
What is the highest common factor of 5 and 55?
5
Calculate the greatest common factor of 91 and 56.
7
Calculate the highest common divisor of 105 and 865.
5
Calculate the highest common divisor of 30 and 2835.
15
What is the highest common divisor of 480 and 180?
60
Calculate the greatest common divisor of 117 and 52.
13
What is the greatest common factor of 132 and 748?
44
What is the highest common divisor of 26376 and 504?
168
What is the highest common divisor of 48 and 144?
48
What is the greatest common divisor of 60 and 12?
12
What is the highest common divisor of 3886 and 116?
58
Calculate the highest common factor of 54 and 270.
54
What is the highest common factor of 2000 and 3250?
250
What is the greatest common divisor of 12 and 156?
12
Calculate the greatest common factor of 187 and 165.
11
What is the greatest common factor of 1755 and 4875?
195
What is the highest common factor of 10308 and 12?
12
What is the highest common divisor of 16 and 7024?
16
Calculate the highest common divisor of 32823 and 63.
63
Calculate the greatest common divisor of 511 and 8833.
73
Calculate the greatest common factor of 651 and 31.
31
What is the greatest common factor of 798 and 42?
42
What is the highest common divisor of 420 and 120?
60
Calculate the greatest common divisor of 144 and 16.
16
Calculate the highest common divisor of 629 and 148.
37
Calculate the greatest common factor of 46 and 116.
2
Calculate the highest common factor of 4 and 252.
4
What is the highest common factor of 32622 and 6?
6
What is the greatest common divisor of 396 and 66?
66
What is the highest common divisor of 8 and 29752?
8
Calculate the highest common divisor of 87 and 16791.
87
Calculate the highest common factor of 1410 and 94.
94
Calculate the highest common factor of 10 and 48130.
10
What is the greatest common divisor of 145 and 5?
5
Calculate the highest common divisor of 539 and 16247.
77
Calculate the highest common divisor of 285 and 950.
95
Calculate the greatest common factor of 325 and 425.
25
What is the greatest common divisor of 583 and 159?
53
Calculate the highest common factor of 176 and 48.
16
Calculate the highest common divisor of 64 and 112.
16
What is the greatest common divisor of 583 and 121?
11
Calculate the highest common divisor of 29161 and 242.
121
Calculate the greatest common factor of 1421 and 464.
29
Calculate the greatest common divisor of 3 and 37.
1
What is the highest common divisor of 10244 and 156?
52
Calculate the highest common f